{"id":471,"date":"2020-01-12T19:54:57","date_gmt":"2020-01-12T18:54:57","guid":{"rendered":"https:\/\/beta.eccoholiday.pl\/p?page_id=471"},"modified":"2020-01-12T19:54:57","modified_gmt":"2020-01-12T18:54:57","slug":"pliki-cookies","status":"publish","type":"page","link":"https:\/\/www.eccoholiday.com\/p\/pliki-cookies","title":{"rendered":"Pliki cookies"},"content":{"rendered":"\r\n                <p style=\"margin: 0px 0px 18px; padding: 0px; text-align: justify; color: rgb(0, 0, 0); text-transform: none; line-height: 18px; text-indent: 0px; letter-spacing: normal; font-family: Arial, sans-serif; font-size: 12px; font-style: normal; font-weight: 400; word-spacing: 0px; white-space: normal; orphans: 2; widows: 2; background-color: rgb(255, 255, 255); font-variant-ligatures: normal; font-variant-caps: normal; -webkit-text-stroke-width: 0px; text-decoration-style: initial; text-decoration-color: initial;\">Aby m\u00f3c efektywniej przedstawia\u0107 Pa\u0144stwu propozycje wyjazd\u00f3w, zgodnie z Waszymi preferencjami, wykorzystujemy pliki<span>&nbsp;<\/span><strong>\u2018cookies\u2019<\/strong>. Dzi\u0119ki nim wiemy, jakie kierunki czy hotele s\u0105 poszukiwane najcz\u0119\u015bciej przez naszych klient\u00f3w i mo\u017cemy dopasowa\u0107 nasz\u0105 ofert\u0119 do Pa\u0144stwa i sprawi\u0107, by nasza strona by\u0142a bardziej u\u017cyteczna. Pliki \u2018cookies\u2019 to niewielkie pliki, zapisywane na komputerze U\u017cytkownika do zbierania anonimowych informacji na o odwiedzaj\u0105cych serwisy internetowe. Ka\u017cdy U\u017cytkownik ma mo\u017cliwo\u015b\u0107 kontrolowania informacji, kt\u00f3re zbieramy.<\/p>\r\n\r\n<p style=\"margin: 0px 0px 18px; padding: 0px; text-align: justify; color: rgb(0, 0, 0); text-transform: none; line-height: 18px; text-indent: 0px; letter-spacing: normal; font-family: Arial, sans-serif; font-size: 12px; font-style: normal; font-weight: 400; word-spacing: 0px; white-space: normal; orphans: 2; widows: 2; background-color: rgb(255, 255, 255); font-variant-ligatures: normal; font-variant-caps: normal; -webkit-text-stroke-width: 0px; text-decoration-style: initial; text-decoration-color: initial;\">Je\u015bli nie chcesz aby na Twoim komputerze by\u0142y zapisywane pliki \u2019cookies\u2019, korzystaj z poni\u017cszego przewodnika, by sprawdzi\u0107 gdzie w Twojej przegl\u0105darce mo\u017cna zmieni\u0107 zasady zarz\u0105dzania plikami \u2018cookies\u2019. Poni\u017csze informacje dotycz\u0105 wybranych, najpopularniejszych przegl\u0105darek, z jakich korzystaj\u0105 u\u017cytkownicy naszej strony. Wszystkie informacje na ten temat mo\u017cna znale\u017a\u0107 tak\u017ce w instrukcji ka\u017cdej przegl\u0105darki.<\/p>\r\n\r\n<p style=\"margin: 0px 0px 18px; padding: 0px; text-align: justify; color: rgb(0, 0, 0); text-transform: none; line-height: 18px; text-indent: 0px; letter-spacing: normal; font-family: Arial, sans-serif; font-size: 12px; font-style: normal; font-weight: 400; word-spacing: 0px; white-space: normal; orphans: 2; widows: 2; background-color: rgb(255, 255, 255); font-variant-ligatures: normal; font-variant-caps: normal; -webkit-text-stroke-width: 0px; text-decoration-style: initial; text-decoration-color: initial;\"><strong>Microsoft Internet Explorer<\/strong><br>\r\nWybieramy kolejno opcje:<br>\r\nNARZ\u0118DZIA&gt;OPCJE INTERNETOWE&gt;PRYWATNO\u015a\u0106<\/p>\r\n\r\n<p style=\"margin: 0px 0px 18px; padding: 0px; text-align: justify; color: rgb(0, 0, 0); text-transform: none; line-height: 18px; text-indent: 0px; letter-spacing: normal; font-family: Arial, sans-serif; font-size: 12px; font-style: normal; font-weight: 400; word-spacing: 0px; white-space: normal; orphans: 2; widows: 2; background-color: rgb(255, 255, 255); font-variant-ligatures: normal; font-variant-caps: normal; -webkit-text-stroke-width: 0px; text-decoration-style: initial; text-decoration-color: initial;\"><strong>Google Chrome<\/strong><br>\r\nWybieramy kolejno opcje:<br>\r\nNARZ\u0118DZIA&gt;WI\u0118CEJ INFORMACJI<\/p>\r\n\r\n<p style=\"margin: 0px 0px 18px; padding: 0px; text-align: justify; color: rgb(0, 0, 0); text-transform: none; line-height: 18px; text-indent: 0px; letter-spacing: normal; font-family: Arial, sans-serif; font-size: 12px; font-style: normal; font-weight: 400; word-spacing: 0px; white-space: normal; orphans: 2; widows: 2; background-color: rgb(255, 255, 255); font-variant-ligatures: normal; font-variant-caps: normal; -webkit-text-stroke-width: 0px; text-decoration-style: initial; text-decoration-color: initial;\"><strong>Mozilla Firefox<\/strong><br>\r\nWybieramy kolejno opcje:<br>\r\nNARZ\u0118DZIA&gt;OPCJE &gt;PRYWATNO\u015a\u0106<\/p>\r\n\r\n<p style=\"margin: 0px 0px 18px; padding: 0px; text-align: justify; color: rgb(0, 0, 0); text-transform: none; line-height: 18px; text-indent: 0px; letter-spacing: normal; font-family: Arial, sans-serif; font-size: 12px; font-style: normal; font-weight: 400; word-spacing: 0px; white-space: normal; orphans: 2; widows: 2; background-color: rgb(255, 255, 255); font-variant-ligatures: normal; font-variant-caps: normal; -webkit-text-stroke-width: 0px; text-decoration-style: initial; text-decoration-color: initial;\"><strong>Apple Safari<\/strong><br>\r\nWybieramy kolejno opcje:<br>\r\nPREFERENCJE&gt;PRYWATNO\u015a\u0106<\/p>\r\n\r\n<p style=\"margin: 0px 0px 18px; padding: 0px; text-align: justify; color: rgb(0, 0, 0); text-transform: none; line-height: 18px; text-indent: 0px; letter-spacing: normal; font-family: Arial, sans-serif; font-size: 12px; font-style: normal; font-weight: 400; word-spacing: 0px; white-space: normal; orphans: 2; widows: 2; background-color: rgb(255, 255, 255); font-variant-ligatures: normal; font-variant-caps: normal; -webkit-text-stroke-width: 0px; text-decoration-style: initial; text-decoration-color: initial;\"><strong>Opera<\/strong><br>\r\nWybieramy kolejno opcje:<br>\r\nUSTAWIENIA&gt;WYCZY\u015a\u0106 HISTORI\u0118 PRZEGL\u0104DANIA&gt;ZARZ\u0104DZAJ CIASTECZKAMI<\/p>\r\n\r\n<p style=\"margin: 0px 0px 18px; padding: 0px; text-align: justify; color: rgb(0, 0, 0); text-transform: none; line-height: 18px; text-indent: 0px; letter-spacing: normal; font-family: Arial, sans-serif; font-size: 12px; font-style: normal; font-weight: 400; word-spacing: 0px; white-space: normal; orphans: 2; widows: 2; background-color: rgb(255, 255, 255); font-variant-ligatures: normal; font-variant-caps: normal; -webkit-text-stroke-width: 0px; text-decoration-style: initial; text-decoration-color: initial;\">W przypadku urz\u0105dze\u0144 mobilnych zarz\u0105dzanie ciasteczkami mo\u017ce by\u0107 rozwi\u0105zane w r\u00f3\u017cny spos\u00f3b. Nale\u017cy sprawdzi\u0107 szczeg\u00f3\u0142owe informacje w instrukcji obs\u0142ugi. Nale\u017cy pami\u0119ta\u0107, \u017ce korzystanie z jednego serwisu na r\u00f3\u017cnych urz\u0105dzeniach uwzgl\u0119dnia ka\u017cdorazowo indywidualne ustawienia ka\u017cdego z nich.<\/p>","protected":false},"excerpt":{"rendered":"Aby m\u00f3c efektywniej przedstawia\u0107 Pa\u0144stwu propozycje wyjazd\u00f3w, zgodnie z Waszymi preferencjami, wykorzystujemy pliki&nbsp;\u2018cookies\u2019. Dzi\u0119ki nim wiemy, jakie kierunki czy hotele s\u0105 poszukiwane najcz\u0119\u015bciej przez naszych klient\u00f3w i mo\u017cemy dopasowa\u0107 nasz\u0105 ofert\u0119 do Pa\u0144stwa i sprawi\u0107, by nasza strona by\u0142a bardziej u\u017cyteczna. Pliki \u2018cookies\u2019 to niewielkie pliki, zapisywane na komputerze U\u017cytkownika do zbierania anonimowych informacji na [&hellip;]","protected":false},"author":1,"featured_media":0,"parent":0,"menu_order":0,"comment_status":"closed","ping_status":"closed","template":"","meta":{"_acf_changed":false,"footnotes":""},"wf_page_folders":[4],"class_list":["post-471","page","type-page","status-publish","hentry"],"acf":[],"_links":{"self":[{"href":"https:\/\/www.eccoholiday.com\/p\/wp-json\/wp\/v2\/pages\/471","targetHints":{"allow":["GET"]}}],"collection":[{"href":"https:\/\/www.eccoholiday.com\/p\/wp-json\/wp\/v2\/pages"}],"about":[{"href":"https:\/\/www.eccoholiday.com\/p\/wp-json\/wp\/v2\/types\/page"}],"author":[{"embeddable":true,"href":"https:\/\/www.eccoholiday.com\/p\/wp-json\/wp\/v2\/users\/1"}],"replies":[{"embeddable":true,"href":"https:\/\/www.eccoholiday.com\/p\/wp-json\/wp\/v2\/comments?post=471"}],"version-history":[{"count":1,"href":"https:\/\/www.eccoholiday.com\/p\/wp-json\/wp\/v2\/pages\/471\/revisions"}],"predecessor-version":[{"id":472,"href":"https:\/\/www.eccoholiday.com\/p\/wp-json\/wp\/v2\/pages\/471\/revisions\/472"}],"wp:attachment":[{"href":"https:\/\/www.eccoholiday.com\/p\/wp-json\/wp\/v2\/media?parent=471"}],"wp:term":[{"taxonomy":"wf_page_folders","embeddable":true,"href":"https:\/\/www.eccoholiday.com\/p\/wp-json\/wp\/v2\/wf_page_folders?post=471"}],"curies":[{"name":"wp","href":"https:\/\/api.w.org\/{rel}","templated":true}]}}